26 is divided by 14.
6
Let f(m) = m**2 + 4*m - 7. Suppose 28 = 4*x + 2*k, 0 = 2*x - k - 0*k - 18. What is the remainder when x is divided by f(-6)?
3
Let m be 13 - ((-12)/3)/4. Let a = m - 3. Let q(t) = 2*t**2 - t + 3. Calculate the remainder when q(4) is divided by a.
9
Let k(i) = i**3 - 4*i**2 - 3. Suppose -2*m = -0*m - 40. Calculate the remainder when ((-64)/10)/((-2)/m) is divided by k(5).
20
Suppose 3*t - 388 = -67. What is the remainder when t is divided by 18?
17
Let m = 13 + -7. What is the remainder when (m/(-4))/(21/(-448)) is divided by 11?
10
What is the remainder when 19 is divided by 189/18 + (-1)/2?
9
Suppose 0*b + 64 = 4*b. Let u(r) = -10*r + 3. Calculate the remainder when u(-6) is divided by b.
15
Let z = 20 - 17. Calculate the remainder when 4 is divided by z.
1
Let m = -18 + 20. Let a be 0*(1 + 6/(-4)). Suppose a = -3*j + 6, m*b + j - 5*j = 34. What is the remainder when b is divided by 8?
5
Let y(p) = -2*p - 3. Let d be y(-4). Suppose -d*j + 68 = -j. What is the remainder when 50 is divided by j?
16
Let m(v) = 2*v + 6. Calculate the remainder when m(-2) is divided by 1.
0
Suppose -2*f + 4*n = -0*f - 160, 5*f + 2*n - 352 = 0. Calculate the remainder when 285 is divided by f.
69
Calculate the remainder when (2 + 1 + 10)*(7 - 0) is divided by 16.
11
Suppose -5*y + f = -130, 3*y + 4*f - 81 = -3. What is the remainder when y is divided by 14/((-2)/3*-3)?
5
Let c = -127 + 180. What is the remainder when c is divided by 17 + (-2 - -4) + -1?
17
Let t(c) = 4*c**2 - c + 1. What is the remainder when 7 is divided by t(1)?
3
Let z(s) = s**2 - 5. Let r = 17 + -13. Calculate the remainder when 54 is divided by z(r).
10
What is the remainder when (-25)/(-1*(-4)/(-12)) is divided by 13?
10
Suppose 0 = 2*o + c - 91, -o + 119 = 2*o - 2*c. Calculate the remainder when o is divided by 2/3 - 46/(-3).
11
Let w(o) = 22*o + 27. Calculate the remainder when w(2) is divided by 27.
17
Suppose -3*i = -190 + 28. Calculate the remainder when 214 is divided by i.
52
Suppose -2*p + 2 = q, -3 + 5 = -2*p - 2*q. Suppose p*m + 11 - 48 = a, -41 = -4*m + 3*a. Calculate the remainder when m is divided by 5.
4
Let p = 29 - 10. What is the remainder when p is divided by 4?
3
Let o = 59 + -96. Let d = 97 + o. What is the remainder when d is divided by 21?
18
Suppose -5*v = -5*m - 10, v - 6*v + 3*m = -12. Suppose q + 6 = v*q. Calculate the remainder when (10/6)/((-5)/(-15)) is divided by q.
2
Let x = 77 - 53. Let s be (2 - 1)*x/(-4). What is the remainder when 22 is divided by 8/(-1*s/9)?
10
Let s(h) = h**2 - 2*h - 8. Calculate the remainder when s(9) is divided by 14.
13
Suppose f = l + l + 5, -2*f + 8 = -3*l. Let s be (5 - 0/f)/1. Suppose -3*w + 45 = 2*y - 25, 5*w = s*y + 125. Calculate the remainder when w is divided by 13.
11
Suppose -3*q = -4*k + 5 + 9, -4 = -k + q. Suppose k*r - 2*u + 4*u = 48, -2*u + 2 = 0. Calculate the remainder when r is divided by 8.
7
Let u(o) = 2*o. Calculate the remainder when u(3) is divided by 3.
0
Calculate the remainder when 27 is divided by -2*((-10)/(-16))/((-4)/16).
2
Let m be ((-333)/12)/((-3)/8). Suppose m = 2*a - 0*a. Calculate the remainder when a is divided by 20.
17
Calculate the remainder when 580/6 - (-12)/(-18) is divided by 25.
21
Suppose 2*v - 25 - 19 = 0. What is the remainder when v is divided by 6?
4
Suppose -2*q = -q - 18. What is the remainder when 32 is divided by q?
14
Let r(q) = 3*q**2 - 6*q - 4. Let y = -528 + 542. What is the remainder when r(5) is divided by y?
13
Suppose 0 = -15*c + 16*c + 19. Let g = -2 - c. Calculate the remainder when 31 is divided by g.
14
Let u = -9 + 5. Let h(m) = -3*m - m - 3 + 2*m. Calculate the remainder when h(u) is divided by 3.
2
Suppose 5*x = 2*x + 78. What is the remainder when x is divided by 14?
12
Let f(k) = k**3 - 5*k**2 + 2*k - 2. Let s = -21 + 36. Suppose -5*g + 0*g = -s, 2*g = 5*a - 19. What is the remainder when 23 is divided by f(a)?
7
Let y = 78 + -42. What is the remainder when y is divided by 8?
4
Suppose 0 = 5*s + p - 16 - 9, -3*s = -4*p + 8. Suppose -1 = -s*d - 5, -2*d = 3*c - 34. What is the remainder when 58 is divided by c?
10
Let x(r) = r**2 + 13*r - 7. Suppose -3*p + 40 + 17 = 0. Calculate the remainder when p is divided by x(-14).
5
Let i(s) = 19*s**2 - 2*s - 2. Let y = 68 + -32. Calculate the remainder when y is divided by i(-1).
17
Suppose 2*y + 2*y - 2*p = 206, 49 = y + 2*p. What is the remainder when 199 is divided by y?
46
Suppose 3*z = -0*z + 117. Calculate the remainder when z is divided by 14.
11
Let q = 173 - 109. What is the remainder when q is divided by 13?
12
Suppose 9 = -3*s, 0*u - u + s + 5 = 0. Suppose b - 3*x - 4 = -0, -2*b = -u*x - 12. Suppose -h + b = -10. What is the remainder when 33 is divided by h?
16
Calculate the remainder when 35 is divided by 1/(-2)*1*-24.
11
Let b(x) = 4*x**3 + x**2 + x - 2. Let a = -38 - -79. Let d = a - 22. Calculate the remainder when b(2) is divided by d.
17
Suppose 0 = x - 6*x + 65. Suppose -2*d = -5*d + 9. Suppose -16 = -2*y - 0*y + 2*t, -27 = -d*y + 4*t. What is the remainder when x is divided by y?
3
Suppose -15 = v - 4*v. Calculate the remainder when 11 is divided by v.
1
Let u(x) = x**3 + 7*x**2 + 4*x + 4. Calculate the remainder when u(-6) is divided by 6.
4
Let m(q) = q - 3. Let y be m(5). Suppose 0 = 2*h - 0 - 12. Suppose -t + 3*n = -49, 4*n - y + h = 0. What is the remainder when t is divided by 16?
14
Let q = -46 + 27. Let l = q + 35. What is the remainder when l is divided by 6?
4
Suppose -6*s = -4*s + 20. Let d(x) = -2*x - 12. Suppose 4*r + r = 15. Calculate the remainder when d(s) is divided by r.
2
Let f be (2 + (-4)/3)*-3. Let x = f - -4. Suppose 5*w = x*d + 78, -3*w = -w - d - 31. Calculate the remainder when w is divided by 6.
4
Calculate the remainder when 65 is divided by -6*1/2 - -25.
21
Let c = -9 - -13. Let i = 1 + c. Suppose 2*t = y - 10, -i*y + 2*t = -0*y - 66. Calculate the remainder when y is divided by 4.
2
Suppose -6*q - q = -826. What is the remainder when q is divided by 61?
57
Suppose 53 = 5*j + u, 2*j + 4*u + 3 - 35 = 0. What is the remainder when j is divided by 1?
0
What is the remainder when 8 is divided by (1/2)/((-3)/(-18))?
2
Let q = 1 - -3. Let f(y) = y - 2. What is the remainder when 3 is divided by f(q)?
1
Suppose -132 - 57 = -3*u. Calculate the remainder when u is divided by 13.
11
Let i(j) = 3*j + 4. What is the remainder when i(6) is divided by 6?
4
Suppose 3*o = -4*n + 147, 2*n + 4*o - 19 = 47. Calculate the remainder when n is divided by 14.
11
Let c = -30 + 54. Let p = c + -4. What is the remainder when p is divided by 7?
6
Suppose -t - 5 = 2*y - 3, 0 = -3*t - 3*y. Calculate the remainder when 3 is divided by t.
1
Let z(j) = 7*j**2 + 2*j + 2*j - j**3 - 17 + 20. What is the remainder when z(7) is divided by 11?
9
Let z be (-1 - 0)/(8/(-184)). Let w = -8 + z. Let a(b) = 3*b**2 + b. What is the remainder when a(-4) is divided by w?
14
Let m(g) = 5*g**2 + 2*g - 3. Let f(u) = 9*u**2 + 4*u - 6. Let l(q) = 4*f(q) - 7*m(q). Calculate the remainder when 19 is divided by l(2).
4
Let h = 6 + -3. Suppose -h = -g + 15. What is the remainder when 35 is divided by g?
17
Suppose -420 + 141 = -5*o + 4*g, 5*o - 278 = 3*g. Calculate the remainder when o is divided by 14.
13
Suppose 0 = 5*r - 105 + 40. Suppose -3*j + r = -2*j - 2*n, -5*j - 5*n - 10 = 0. Suppose 105 = 2*o + j*o. Calculate the remainder when o is divided by 11.
10
Suppose 2*i + c = 35, -3*i - 2*c + 45 = 2*c. Calculate the remainder when i is divided by 3.
1
Suppose -4*k - 3 = 1. Let i(a) = 12*a**2 + a + 1. What is the remainder when 22 is divided by i(k)?
10
Suppose -4*s = 3*v - 33, s = -v + 4*s - 2. Suppose 3*t = -2*t + 265. Let f = t + -33. Calculate the remainder when f is divided by v.
6
Let u = -33 + 56. Suppose -5*z + u = -42. Calculate the remainder when 50 is divided by z.
11
Let w(d) = -5 + 5*d - 2*d - 2*d. Suppose -6*r + 2 = -4*r, 5*j + 5*r - 15 = 0. Calculate the remainder when j is divided by w(7).
0
Suppose 3*m + 9 = 2*s, 0 = 5*s + m - 3*m - 17. Let v = s + 5. What is the remainder when 21 is divided by v?
5
Let x be (2 - 2)/(4 + -1). Suppose x = -b + 4 + 8. Calculate the remainder when 47 is divided by b.
11
Suppose 2*l - 14 = -2*x, 4*x - 8*x + 5*l + 37 = 0. Let a = 0 + 2. Suppose a = 3*i - 13. C